he hundreds digit of 12665529?
5
What is the hundreds digit of 16835405?
4
What is the hundreds digit of 1740928?
9
What is the hundreds digit of 99848?
8
What is the thousands digit of 412374?
2
What is the hundred thousands digit of 821273?
8
What is the ten millions digit of 15922078?
1
What is the hundred thousands digit of 148766?
1
What is the ten thousands digit of 37226?
3
What is the ten millions digit of 25202341?
2
What is the ten thousands digit of 10220165?
2
What is the hundred thousands digit of 506043?
5
What is the tens digit of 187225?
2
What is the thousands digit of 88869?
8
What is the ten thousands digit of 2747021?
4
What is the thousands digit of 251317?
1
What is the thousands digit of 148284?
8
What is the tens digit of 2834719?
1
What is the units digit of 119809?
9
What is the tens digit of 118294?
9
What is the hundred thousands digit of 139996?
1
What is the tens digit of 5132588?
8
What is the hundred thousands digit of 3807721?
8
What is the units digit of 30227163?
3
What is the units digit of 34894?
4
What is the units digit of 22554140?
0
What is the tens digit of 1314036?
3
What is the hundred thousands digit of 136577?
1
What is the hundred thousands digit of 11134282?
1
What is the thousands digit of 6380667?
0
What is the ten thousands digit of 934678?
3
What is the ten thousands digit of 319744?
1
What is the tens digit of 806832?
3
What is the ten thousands digit of 105871?
0
What is the ten thousands digit of 4966118?
6
What is the hundred thousands digit of 18240647?
2
What is the hundred thousands digit of 3391920?
3
What is the thousands digit of 307653?
7
What is the hundreds digit of 2304781?
7
What is the hundreds digit of 2942537?
5
What is the ten thousands digit of 5611818?
1
What is the hundreds digit of 2359898?
8
What is the millions digit of 1855734?
1
What is the thousands digit of 1758272?
8
What is the hundreds digit of 566979?
9
What is the thousands digit of 9472028?
2
What is the tens digit of 23391?
9
What is the ten thousands digit of 4404264?
0
What is the hundred thousands digit of 149390?
1
What is the ten thousands digit of 672019?
7
What is the hundreds digit of 20397934?
9
What is the units digit of 3556192?
2
What is the thousands digit of 2025537?
5
What is the hundred thousands digit of 231269?
2
What is the thousands digit of 214808?
4
What is the hundred thousands digit of 402429?
4
What is the hundred thousands digit of 1874676?
8
What is the units digit of 328286?
6
What is the hundred thousands digit of 313664?
3
What is the units digit of 295016?
6
What is the thousands digit of 9712048?
2
What is the thousands digit of 33293?
3
What is the units digit of 1969225?
5
What is the thousands digit of 85270?
5
What is the tens digit of 523697?
9
What is the hundreds digit of 1586499?
4
What is the hundreds digit of 869246?
2
What is the ten thousands digit of 8987166?
8
What is the thousands digit of 4613377?
3
What is the tens digit of 179520?
2
What is the hundreds digit of 1271211?
2
What is the units digit of 759324?
4
What is the units digit of 1012229?
9
What is the tens digit of 235074?
7
What is the hundred thousands digit of 7301025?
3
What is the millions digit of 29280845?
9
What is the tens digit of 212124?
2
What is the tens digit of 643735?
3
What is the millions digit of 1296766?
1
What is the tens digit of 4511322?
2
What is the hundreds digit of 88607?
6
What is the hundreds digit of 632369?
3
What is the hundred thousands digit of 401275?
4
What is the units digit of 22269973?
3
What is the hundred thousands digit of 7341218?
3
What is the units digit of 969440?
0
What is the millions digit of 2002118?
2
What is the ten thousands digit of 532033?
3
What is the tens digit of 8585002?
0
What is the tens digit of 49916?
1
What is the hundreds digit of 23551693?
6
What is the units digit of 523740?
0
What is the hundred thousands digit of 1553846?
5
What is the units digit of 666105?
5
What is the millions digit of 3932805?
3
What is the hundred thousands digit of 7806931?
8
What is the thousands digit of 3102286?
2
What is the units digit of 16276845?
5
What is the ten thousands digit of 33491221?
9
What is the thousands digit of 404046?
4
What is the units digit of 558886?
6
What is the hundred thousands digit of 1062557?
0
What is the tens digit of 175288?
8
What is the thousands digit of 106880?
6
What is the ten thousands digit of 1309547?
0
What is the ten thousands digit of 226259?
2
What is the ten thousands digit of 392840?
9
What is the ten thousands digit of 988063?
8
What is the tens digit of 215975?
7
What is the ten thousands digit of 3408530?
0
What is the thousands digit of 416275?
6
What is the thousands digit of 340935?
0
What is the hundred thousands digit of 6330968?
3
What is the ten thousands digit of 265830?
6
What is the hundred thousands digit of 4144140?
1
What is the thousands digit of 572099?
2
What is the thousands digit of 324914?
4
What is the units digit of 6364090?
0
What is the ten thousands digit of 1813094?
1
What is the hundred thousands digit of 522486?
5
What is the hundred thousands digit of 495638?
4
What is the ten thousands digit of 1865263?
6
What is the tens digit of 305181?
8
What is the hundreds digit of 4019538?
5
What is the ten thousands digit of 198355?
9
What is the thousands digit of 656752?
6
What is the units digit of 1295614?
4
What is the tens digit of 333948?
4
What is the hundreds digit of 20381608?
6
What is the hundred thousands digit of 10005738?
0
What is the hundreds digit of 2821000?
0
What is the tens digit of 233926?
2
What is the thousands digit of 428887?
8
What is the ten thousands digit of 48578?
4
What is the tens digit of 7364?
6
What is the thousands digit of 5358705?
8
What is the ten thousands digit of 15013511?
1
What is the hundreds digit of 2862686?
6
What is the hundred thousands digit of 1164436?
1
What is the hundred thousands digit of 2615266?
6
What is the thousands digit of 260671?
0
What is the ten millions digit of 34087902?
3
What is the thousands digit of 6447995?
7
What is the millions digit of 6856144?
6
What is the hundreds digit of 5699543?
5
What is the units digit of 3348359?
9
What is the hundred thousands digit of 243372?
2
What is the thousands digit of 695354?
5
What is the hundreds digit of 826523?
5
What is the hundreds digit of 10518752?
7
What is the thousands digit of 958441?
8
What is the ten thousands digit of 6761860?
6
What is the thousands digit of 2874?
2
What is the tens digit of 9482424?
2
What is the ten millions digit of 21908787?
2
What is the hundreds digit of 16873418?
4
What is the units digit of 7786801?
1
What is the hundreds digit of 1203897?
8
What is the millions digit of 8796864?
8
What is the ten thousands digit of 341917?
4
What is the ten thousands digit of 439854?
3
What is the hundreds digit of 9075?
0
What is the tens digit of 7654632?
3
What is the units digit of 1556297?
7
What is the thousands digit of 1961895?
1
What is the units digit of 954653?
3
What is the tens digit of 18818802?
0
What is the tens digit of 568586?
8
What is the thousands digit of 227153?
7
What is the ten thousands digit of 24431441?
3
What is the thousands digit of 8001885?
1
What is the thousands digit of 6757917?
7
What is the hundreds digit of 221186?
1
What is the tens digit of 169573?
7
What is the tens digit of 737645?
4
What is the hundreds digit of 619895?
8
What is the hundred thousands digit of 248795?
2
What is the ten thousands digit of 8401837?
0
What is the tens digit of 11219895?
9
What is the hundred thousands digit of 17121208?
1
What is the thousands digit of 605865?
5
What is the thousands digit of 7899197?
9
What is the thousands digit of 150671?
0
What is the hundred thousands digit of 27954818?
9
What is the ten thousands digit of 7724817?
2
What is the tens digit of 811488?
8
What is the units digit of 1436433?
3
What is the tens digit of 58700?
0
What is the millions digit of 2093562?
2
What is the thousands digit of 1803932?
3
What is the thousands digit of 97615?
7
What is the thousands digit of 1150598?
0
What is the ten thousands digit of 997132?
9
What is the units digit of 1582462?
2
What is the millions digit of 353908